t d be i(7). Suppose 14 - d = -c*n. What is the units digit of n?
3
Let h(x) = 7*x + 47. Let o be h(-5). Suppose -o*s - 40 = -22*s. Suppose 0 = 8*z - s*z - 900. What is the tens digit of z?
2
Suppose 0 = -5*t + 121365 + 28235. What is the hundreds digit of t?
9
Suppose -8*h + 3*h = 28030. Let p be (-60)/(-140) - h/(-14). What is the units digit of 2/7 + (p/35)/(-2)?
6
Suppose 945 = 10*d - 3455. Suppose 8*u = 4*u + d. What is the units digit of (u/66)/(-1 - (-92)/90)?
5
Suppose 7*l = 13*l - 18. Let v be l - (1 - 2)/(2/(-4)). What is the units digit of 85 - -1 - ((v - 2) + 2)?
5
Suppose -5*i = -i - 3*x - 1517, 0 = -3*i + 4*x + 1129. Let b = i - 7. What is the hundreds digit of b?
3
Suppose -4*m + 0*u + 562 = -2*u, -4*m = 3*u - 547. Let l = m + 102. What is the tens digit of l?
4
Let z be 5 - (-2)/(-8)*0. Suppose -z*m = -4*m - 120. What is the units digit of m?
0
Let c(t) = -t**3 - 7*t**2 - 7*t + 2. Let v be c(-6). Let m(i) = -i**2 + 4*i - 16. Let k be m(v). What is the tens digit of -12*6/k*244/6?
6
Let d be 2/(-6)*(9 + 0) + 7. Suppose -d*f = 5*r - 4*r - 3620, 0 = -3*r + 12. What is the tens digit of f?
0
Suppose 0*r + 96 = 2*r. Suppose r = w - 4*w. Let z = -9 - w. What is the units digit of z?
7
Suppose n - 79724 = -5*t, -33*t + 5*n - 79760 = -38*t. What is the tens digit of t?
4
Suppose -12*y = -10*y + 1618. What is the units digit of 41/205 - y/5?
2
Suppose -4*n - 5*a + 4845 = 0, -n + 31*a = 34*a - 1206. What is the thousands digit of n?
1
Suppose 0*h + h = -a + 6, -2*h + 14 = 3*a. What is the hundreds digit of (5 - 7)*(-274)/h?
1
Suppose 0 = b + 4 - 3, -4*p - 514 = -2*b. Let o = p - -36. Let l = 155 + o. What is the units digit of l?
2
Suppose 7*h - 17*h + 28830 = 0. What is the hundreds digit of h?
8
Suppose -2 = t - 0. What is the hundreds digit of (39/26 + -4)*261*t?
3
Let c = 616 - 614. What is the tens digit of (345/c)/((-10)/(-20))?
4
Let n(w) = w**3 - 64*w**2 - 292*w - 103. What is the tens digit of n(72)?
4
Suppose 35074 = -32*s + 37*s + 2*t, 0 = 4*s + 4*t - 28052. What is the tens digit of s?
1
Let p = 69638 - 37209. What is the tens digit of p?
2
Let t(r) = r**2 + 3*r + 146. Let y(q) = -q + 27. Let n be y(27). Let j be t(n). Let u = -85 + j. What is the tens digit of u?
6
Let g = -11746 + 22637. What is the ten thousands digit of g?
1
Let f(b) = b**3 + 12*b**2 + 5*b - 15. Suppose 0 = -5*r + 3*v - 61, 29 = 3*r - 6*r - 2*v. What is the units digit of f(r)?
1
Let z(h) = -31*h + 81. Let y be z(-10). Let a = y - 168. What is the tens digit of a?
2
What is the ten thousands digit of (-203322)/(-8) - 10*(-14)/(-112)?
2
Suppose 4*h = -z + 565, -12*z + 1723 = -9*z + 5*h. Suppose 0 = -2*v - 8*s + 13*s + z, -5*s = -5*v + 1460. What is the units digit of v?
3
Suppose -5*v + 75384 = 4*v. Suppose -593*l - v = -605*l. What is the hundreds digit of l?
6
Let y(i) = 110*i + i**2 - 114*i + 0*i**2 - 11*i**3 - 2. What is the units digit of y(-2)?
8
Let u(z) = z**3 - 16*z**2 - 37*z + 7. Let f be u(18). Let b(n) = -n**3 - 13*n**2 - 29*n - 25. What is the tens digit of b(f)?
5
Suppose 2*p + 13 = 8*a - 5*a, 3*p = -2*a - 13. What is the thousands digit of 248653/152 - a/(-8)?
1
Let x = 22087 - 14338. What is the hundreds digit of x?
7
What is the tens digit of (-692514)/(-54)*(-1 - -4) - 5?
6
Let x = -169 - -306. Suppose h = 3*t - 595, 0 = -5*t - 5*h + 888 + x. What is the tens digit of t?
0
Let g = -58 - -63. Suppose 3*b - 7*b = w + 141, 0 = -g*b - 3*w - 185. What is the tens digit of 1*(-220)/(-6)*(-51)/b?
5
Suppose -22*f + 12201 = -f. Suppose 6*x = f + 469. What is the units digit of x?
5
Suppose -72*h - 7*h + h + 1404390 = 0. What is the units digit of h?
5
Let o(l) = 5*l + 67. Let n be o(-13). Suppose -n*t = 5*t - 4970. What is the units digit of t?
0
Suppose 22*l = 65*l + 43. What is the hundreds digit of (-2 - 213)*(-2)/(1 - l)?
2
Let w(u) = -u**3 - 11*u**2 + 3*u + 38. Let x be w(-11). Suppose -h + x*h = q - 1459, 1465 = q - h. What is the tens digit of q?
6
Let j be 231/45 + (-14)/105. Suppose 0 = 2*u - 4, j*u - 1180 = -5*r + 440. What is the hundreds digit of r?
3
Suppose 3*n - 3*s + 2*s - 69 = 0, 2*s = 0. Suppose -18*r - 5535 = -n*r - 5*a, 1117 = r - 4*a. What is the units digit of r?
9
What is the hundreds digit of -20 + 57033 + 19 + 3?
0
Suppose 2*u + 0*q + 318 = 4*q, -4*u - 636 = -3*q. Let x = -3 - u. What is the units digit of x?
6
Let h(q) = 313*q**3 - 5*q**2 + 25*q - 76. What is the thousands digit of h(3)?
8
Suppose -2*s + 4*s = 26. Let l = -11 + s. Suppose -c + 238 = c + 5*y, l*c + y = 254. What is the units digit of c?
9
Let o = 402 - 236. Suppose 6*s = 266 + o. Suppose 79 = t - s. What is the units digit of t?
1
Let c(o) = -3*o + 7. Let z be 38/(1/2 - 24/(-16)). Suppose -z = 4*h + 3*d, -d - 17 = h + 3*h. What is the units digit of c(h)?
9
Let i be (-2)/(-3) - 5/(-9)*6. Suppose -4*s - 13*k + 2740 = -16*k, i*k + 2740 = 4*s. What is the units digit of s?
5
Suppose -45*v = -6*v + 289653. What is the hundreds digit of (-2)/22*v + 4/(-22)?
6
Let z(v) be the second derivative of -v**3/6 + 80*v**2 + 60*v. What is the units digit of z(23)?
7
Let h = 155 - 173. What is the units digit of (h - -45) + 2 + 0?
9
Suppose -5*l = -48 - 107. Suppose -13299 = -0*u - l*u. What is the units digit of u?
9
Let r be (-28)/(-49) + 10932/(-21). Let m = r + 1009. What is the units digit of m?
9
Let v = 3646 - 1646. What is the hundreds digit of v?
0
Let v be (-4)/((-2)/(-2)*-2). Let m(n) be the first derivative of 31*n**2/2 + 3*n + 214. What is the tens digit of m(v)?
6
Let g(o) = -2*o**2 + 349*o + 31853. What is the hundreds digit of g(0)?
8
Let c = 7 - 3. Let y(g) = g**3 + 7*g**2 - 3*g - 19. Let o be y(-7). Suppose -4*r - 336 = -c*p, p + 94 = o*p - 3*r. What is the units digit of p?
9
Suppose 3*f - 35935 = 17000. What is the units digit of f?
5
What is the thousands digit of (69625/(-60) - (-1)/(-3))*-20?
3
Let d(u) = u**2 - 20*u - 9. Let b be d(20). Let q be (-939)/b - 4/3. Let k = -48 + q. What is the tens digit of k?
5
Let z(y) = 29*y - 109. Let j be z(23). Suppose 3*b - j = 555. What is the units digit of b?
1
Suppose -2*n - 5818 = -5*o, -o + 67 = -4*n - 1093. What is the hundreds digit of o?
1
Let i(c) = -c**3 - 5*c**2 + 18*c + 22. Let u be i(-7). Let h(s) = 31*s**2 + 2*s + 10. What is the hundreds digit of h(u)?
1
What is the thousands digit of 6/(-9) + 6/((-423505)/(-211730) - 2)?
8
Let y(m) = -2*m + 20. Let w be y(9). Suppose 3*j - 5 = -w*j. Suppose -3*n - j + 4 = 0. What is the units digit of n?
1
Let f = -35 - -33. Let t(v) = -12*v**3 - 2*v**2 + 2*v. Let g be t(f). Suppose -5*b + 2*y = -408, b + 3*y = 4*y + g. What is the tens digit of b?
8
Suppose o = -3*j + 11, -4*j = o - 3*j - 5. What is the tens digit of (787 + -6)/(o + -1)?
8
Let u(j) = 12*j - 681. Let y be u(57). Let s = 14 + -9. Suppose -y*k + 90 = w, k - s*w = 3*k - 60. What is the units digit of k?
0
Suppose 4*x = -3*f + 161, -2*f - x + 2*x = -111. Let b be 27 - -1*(-1 + 2). Let t = f + b. What is the units digit of t?
3
What is the thousands digit of ((-39)/26 - (-75)/(-6))/((-1)/1291)?
8
What is the hundreds digit of 4221/45*15/6*24/28?
2
Suppose 0 = x + 2*i - 19, -2*x - 4*i + 32 = -6*i. Suppose 0 = -2*d - 3*s + 2170, -x*s + 6 = -14*s. What is the units digit of d?
2
Let f(b) = -b**3 - 8*b**2 - 2*b + 41. Let v be f(-7). Let p = -191 + 774. Suppose -3*o = r - p, -2*r = -v*r + 16. What is the units digit of o?
3
Let d(c) = 11*c + 1. Let a be d(-1). Let x(i) = 11*i**2 + 13*i. Let q(u) = 2*u**2 + 1. Let o(h) = 6*q(h) - x(h). What is the tens digit of o(a)?
3
Suppose 8 = 3*w - 5*w. Let x(a) be the third derivative of a**5/12 - a**4/4 + a**3/2 - 1661*a**2. What is the units digit of x(w)?
7
Let m(d) = -d**3 + d + 102. Let c(k) = -k**2 - 17*k + 18. Suppose -r = -4*g - 67, 3*g + 4*r + 0*r = -74. Let i be c(g). What is the tens digit of m(i)?
0
Suppose 0 = -3*p - 5*u + 474, 5*p - 9*p + 5*u = -632. Let o = p - -708. What is the hundreds digit of o?
8
Suppose -2*g - 3 = -4*q + 3*q, -3*q = -5*g - 6. Let d be 2259/9 + g/3 + 2. Suppose 4*h + 8 - d = 0. What is the units digit of h?
1
Let s be -1*(-9)/(45/25). Suppose 3*q - 2931 + 68 = -2*x, -s*x = 5*q - 4780. What is the hundreds digit of q?
9
Let s(y) = 14*y + 108. Let n be s(-6). Let p(u) = 29*u - 167. What is the tens digit of p(n)?
2
Let y(u) = -